) to base 6.
3
-3 (base 9) to base 11
-3
Convert 4 (base 14) to base 2.
100
1 (base 3) to base 15
1
-b (base 12) to base 16
-b
What is -12 (base 4) in base 9?
-6
Convert 3 (base 12) to base 2.
11
What is 62 (base 10) in base 4?
332
What is 3 (base 14) in base 8?
3
-6 (base 7) to base 6
-10
What is 3 (base 5) in base 6?
3
13 (base 9) to base 12
10
67 (base 13) to base 3
10011
-221 (base 5) to base 8
-75
11 (base 9) to base 14
a
Convert -10011111 (base 2) to base 11.
-135
4 (base 11) to base 7
4
Convert 34 (base 9) to base 10.
31
What is -10 (base 3) in base 5?
-3
What is 3 (base 14) in base 15?
3
Convert -112 (base 6) to base 11.
-40
Convert 0 (base 14) to base 15.
0
Convert -9 (base 10) to base 2.
-1001
Convert 12 (base 4) to base 15.
6
3 (base 9) to base 3
10
Convert -300 (base 9) to base 14.
-135
What is 135 (base 7) in base 9?
83
-11101110 (base 2) to base 9
-284
What is 233 (base 9) in base 2?
11000000
Convert -30 (base 7) to base 10.
-21
-20 (base 5) to base 15
-a
-20 (base 3) to base 2
-110
-10001101 (base 2) to base 8
-215
Convert 22 (base 3) to base 6.
12
-110 (base 4) to base 16
-14
Convert -101 (base 9) to base 14.
-5c
-100111 (base 2) to base 12
-33
Convert 0 (base 15) to base 7.
0
What is -28 (base 16) in base 4?
-220
What is 0 (base 12) in base 11?
0
Convert -16 (base 12) to base 11.
-17
What is -10 (base 8) in base 5?
-13
-3 (base 7) to base 5
-3
-1 (base 10) to base 4
-1
220 (base 3) to base 12
20
What is -3 (base 6) in base 3?
-10
-14 (base 16) to base 15
-15
6 (base 13) to base 10
6
Convert 2 (base 16) to base 6.
2
What is -11 (base 8) in base 7?
-12
Convert -2 (base 4) to base 13.
-2
What is 142 (base 8) in base 3?
10122
What is -44 (base 13) in base 16?
-38
What is 0 (base 6) in base 2?
0
Convert 323 (base 4) to base 10.
59
What is -13 (base 10) in base 8?
-15
-40 (base 11) to base 7
-62
What is 0 (base 10) in base 12?
0
What is -10 (base 2) in base 12?
-2
What is -102211 (base 3) in base 10?
-319
Convert -33 (base 4) to base 5.
-30
4 (base 16) to base 3
11
What is -1 (base 12) in base 7?
-1
-1 (base 15) to base 11
-1
2d (base 14) to base 3
1112
2d (base 15) to base 4
223
142 (base 5) to base 4
233
Convert 16 (base 7) to base 5.
23
What is -402 (base 5) in base 7?
-204
What is -4 (base 12) in base 15?
-4
What is 11 (base 16) in base 7?
23
What is -13 (base 4) in base 12?
-7
-17 (base 13) to base 7
-26
Convert -15 (base 6) to base 4.
-23
6 (base 15) to base 9
6
Convert -1 (base 13) to base 12.
-1
204 (base 5) to base 10
54
Convert -10010 (base 2) to base 5.
-33
43 (base 10) to base 7
61
What is 7 (base 12) in base 10?
7
-ce (base 16) to base 13
-12b
-1 (base 12) to base 9
-1
Convert 44 (base 5) to base 12.
20
Convert 3 (base 11) to base 6.
3
-18 (base 15) to base 9
-25
Convert -12 (base 12) to base 13.
-11
Convert 222 (base 3) to base 8.
32
Convert 23 (base 5) to base 16.
d
What is -16 (base 13) in base 11?
-18
Convert 4 (base 16) to base 6.
4
What is -2 (base 9) in base 12?
-2
Convert -24 (base 13) to base 10.
-30
What is 3 (base 6) in base 8?
3
-3 (base 7) to base 5
-3
What is -59 (base 13) in base 15?
-4e
-19 (base 11) to base 3
-202
Convert 124 (base 5) to base 2.
100111
-6 (base 10) to base 2
-110
Convert -2d (base 14) to base 2.
-101001
Convert 44 (base 6) to base 3.
1001
What is 15 (base 8) in base 4?
31
0 (base 6) to base 5
0
What is -4e (base 15) in base 7?
-134
-a1 (base 11) to base 5
-421
What is -54 (base 16) in base 14?
-60
Convert -2 (base 15) to base 9.
-2
11 (base 3) to base 10
4
-1004 (base 5) to base 13
-9c
What is -10011 (base 2) in base 8?
-23
0 (base 12) to base 11
0
-32 (base 7) to base 14
-19
-2 (base 10) to base 6
-2
-20 (base 3) to base 2
-110
Convert 1 (base 13) to base 11.
1
Convert -1100 (base 4) to base 6.
-212
Convert 3 (base 5) to base 13.
3
Convert -32 (base 6) to base 13.
-17
Convert -60 (base 9) to base 3.
-2000
-5 (base 9) to base 3
-12
3b (base 12) to base 15
32
Convert 1 (base 10) to base 8.
1
Convert -11 (base 2) to base 11.
-3
What is -101 (base 5) in base 7?
-35
2 (base 6) to base 14
2
Convert -b (base 12) to base 10.
-11
-32 (base 7) to base 8
-27
Convert 4 (base 13) to base 7.
4
What is 11 (base 2) in base 5?
3
Convert 11 (base 3) to base 15.
4
11111 (base 2) to base 13
25
5 (base 11) to base 9
5
What is -4 (base 16) in base 4?
-10
What is 2 (base 14) in base 10?
2
-9 (base 13) to base 11
-9
0 (base 5) to base 11
0
-103 (base 7) to base 10
-52
-4 (base 5) to base 14
-4
89 (base 12) to base 6
253
4 (base 12) to base 11
4
Convert 25 (base 15) to base 12.
2b
What is -11101 (base 2) in base 10?
-29
Convert 51 (base 6) to base 7.
43
Convert -100 (base 2) to base 4.
-10
What is 1 (base 9) in base 14?
1
-3 (base 15) to base 16
-3
Convert 2d (base 15) to base 9.
47
187 (base 11) to base 5
1331
What is 105 (base 7) in base 13?
42
Convert 2 (base 10) to base 16.
2
What is -5a (base 11) in base 4?
-1001
What is -2 (base 7) in base 2?
-10
Convert -22122 (base 3) to base 16.
-e9
Convert -41 (base 15) to base 13.
-49
33 (base 5) to base 6
30
What is -150 (base 6) in base 8?
-102
-10 (base 8) to base 16
-8
What is -11200 (base 3) in base 9?
-150
-1 (base 16) to base 7
-1
What is -10100 (base 3) in base 10?
-90
What is -22 (base 3) in base 10?
-8
Convert 1ab (base 12) to base 10.
275
What is 21 (base 6) in base 7?
16
What is 3 (base 14) in base 5?
3
What is -1 (base 10) in base 7?
-1
2 (base 15) to base 4
2
9 (base 11) to base 14
9
What is -1 (base 9) in base 16?
-1
-33 (base 4) to base 3
-120
Convert c (base 16) to base 7.
15
258 (base 12) to base 14
1b6
-1 (base 5) to base 14
-1
Convert 6b (base 13) to base 3.
10022
Convert -2 (base 16) to base 11.
-2
2 (base 12) to base 4
2
156 (base 7) to base 6
230
-284 (base 10) to base 3
-101112
Convert 43 (base 12) to base 11.
47
-2 (base 8) to base 15
-2
Convert 21 (base 4) to base 15.
9
-21 (base 3) to base 13
-7
-25 (base 7) to base 15
-14
What is -1214 (base 5) in base 12?
-134
Convert 11 (base 4) to base 6.
5
7 (base 8) to base 16
7
What is 7 (base 9) in base 15?
7
-8 (base 12) to base 15
-8
0 (base 13) to base 7
0
-1 (base 14) to base 12
-1
7a (base 12) to base 15
64
Convert 11 (base 14) to base 13.
12
Convert -444 (base 5) to base 12.
-a4
11 (base 7) to base 2
1000
What is -83 (base 10) in base 2?
-1010011
Convert 14 (base 6) to base 5.
20
-10 (base 4) to base 10
-4
What is -115 (base 8) in base 16?
-4d
-11100 (base 2) to base 4
-130
Convert -1 (base 13) to base 4.
-1
Convert 330 (base 6) to base 7.
240
-8 (base 11) to base 5
-13
Convert 3 (base 9) to base 14.
3
-3 (base 10) to base 3
-10
What is -23 (base 13) in base 6?
-45
What is -133 (base 4) in base 8?
-37
Convert 85 (base 9) to base 4.
1031
4 (base 13) to base 15
4
What is -1 (base 16) in base 15?
-1
-11 (base 4) to base 12
-5
What is -a (base 13) in base 8?
-12
-1 (base 12) to base 7
-1
Convert 1 (base 13) to base 9.
1
149 (base 12) to base 2
11001001
Convert 77 (base 13) to base 2.
1100010
What is -1 (base 8) in base 14?
-1
-2 (base 6) to base 15
-2
4 (base 13) to base 16
4
-3 (base 15) to base 6
-3
Convert 112111 (base 3) to base 14.
1dd
What is 101 (base 7) in base 4?
302
-18 (base 13) to base 14
-17
Convert 5 (base 7) to base 13.
5
Convert 23 (base 7) to base 9.
18
Convert 1 (base 9) to base 12.
1
Convert a9 (base 15) to base 14.
b5
Convert -4 (base 16) to base 3.
-11
3 (base 12) to base 9
3
Convert 2 (base 6) to base 13.
2
What is 0 (base 8) in base 5?
0
What is -12 (base 4) in base 16?
-6
What is -1000 (base 4) in base 12?
-54
-22 (base 8) to base 12
-16
0 (base 10) to base 4
0
-e (base 16) to base 14
-10
What is -206 (base 7) in base 13?
-80
-40 (base 13) to base 15
-37
-100 (base 2) to base 10
-4
Convert -22 (base 9) to base 12.
-18
Convert -1000110 (base 2) to base 9.
-77
Convert 2 (base 3) to base 2.
10
What is -9 (base 13) in base 16?
-9
Convert -102 (base 8) to base 6.
-150
What is 50 (base 7) in base 2?
100011
Convert 1 (base 6) to base 8.
1
-69 (base 12) to base 14
-5b
-10 (base 2) to base 11
-2
What is 115 (base 15) in base 14?
137
1 (base 9) to base 13
1
3 (base 6) to base 11
3
What is -9 (base 12) in base 8?
-11
-11 (base 6) to base 8
-7
Convert -43 (base 5) to base 8.
-27
Convert 12 (base 7) to base 10.
9
Convert 7 (base 10) to base 16.
7
Convert 7 (base 9) to base 2.
111
